{"id":13974,"date":"2025-02-20T15:32:13","date_gmt":"2025-02-20T18:32:13","guid":{"rendered":"https:\/\/servicos.compesa.com.br\/museuuniversocompesa\/?page_id=13974"},"modified":"2025-02-20T15:32:16","modified_gmt":"2025-02-20T18:32:16","slug":"museu-universo-compesa-realiza-apresentacao-de-poster-no-32o-congresso-da-abes","status":"publish","type":"page","link":"https:\/\/servicos.compesa.com.br\/museuuniversocompesa\/museu-universo-compesa-realiza-apresentacao-de-poster-no-32o-congresso-da-abes\/","title":{"rendered":"Museu Universo Compesa realiza apresenta\u00e7\u00e3o de p\u00f4ster no 32\u00ba Congresso da ABES"},"content":{"rendered":"\n<div class=\"wp-block-jetpack-slideshow aligncenter\" data-effect=\"slide\"><div class=\"wp-block-jetpack-slideshow_container swiper-container\"><ul class=\"wp-block-jetpack-slideshow_swiper-wrapper swiper-wrapper\"><li class=\"wp-block-jetpack-slideshow_slide swiper-slide\"><figure><img loading=\"lazy\" decoding=\"async\" width=\"640\" height=\"480\" alt=\"\" class=\"wp-block-jetpack-slideshow_image wp-image-13977\" data-id=\"13977\" src=\"https:\/\/servicos.compesa.com.br\/museuuniversocompesa\/wp-content\/uploads\/2025\/02\/6242d77d-d88a-4442-b6a8-b32fb8960116.jpg\"\/><\/figure><\/li><li class=\"wp-block-jetpack-slideshow_slide swiper-slide\"><figure><img loading=\"lazy\" decoding=\"async\" width=\"640\" height=\"480\" alt=\"\" class=\"wp-block-jetpack-slideshow_image wp-image-13981\" data-id=\"13981\" src=\"https:\/\/servicos.compesa.com.br\/museuuniversocompesa\/wp-content\/uploads\/2025\/02\/IMG_0478.jpg\"\/><\/figure><\/li><li class=\"wp-block-jetpack-slideshow_slide swiper-slide\"><figure><img loading=\"lazy\" decoding=\"async\" width=\"640\" height=\"480\" alt=\"\" class=\"wp-block-jetpack-slideshow_image wp-image-13978\" data-id=\"13978\" src=\"https:\/\/servicos.compesa.com.br\/museuuniversocompesa\/wp-content\/uploads\/2025\/02\/0ed7fc91-7f65-4dca-98b3-23256f9000b1.jpg\"\/><\/figure><\/li><li class=\"wp-block-jetpack-slideshow_slide swiper-slide\"><figure><img loading=\"lazy\" decoding=\"async\" width=\"640\" height=\"480\" alt=\"\" class=\"wp-block-jetpack-slideshow_image wp-image-13983\" data-id=\"13983\" src=\"https:\/\/servicos.compesa.com.br\/museuuniversocompesa\/wp-content\/uploads\/2025\/02\/IMG_0505.jpg\"\/><\/figure><\/li><li class=\"wp-block-jetpack-slideshow_slide swiper-slide\"><figure><img loading=\"lazy\" decoding=\"async\" width=\"768\" height=\"1024\" alt=\"\" class=\"wp-block-jetpack-slideshow_image wp-image-13979\" data-id=\"13979\" src=\"https:\/\/servicos.compesa.com.br\/museuuniversocompesa\/wp-content\/uploads\/2025\/02\/e1da9ef7-eaa3-452b-a7e3-fe14e86b9b27.jpg\"\/><\/figure><\/li><li class=\"wp-block-jetpack-slideshow_slide swiper-slide\"><figure><img loading=\"lazy\" decoding=\"async\" width=\"640\" height=\"480\" alt=\"\" class=\"wp-block-jetpack-slideshow_image wp-image-13980\" data-id=\"13980\" src=\"https:\/\/servicos.compesa.com.br\/museuuniversocompesa\/wp-content\/uploads\/2025\/02\/IMG_0443.jpg\"\/><\/figure><\/li><\/ul><a class=\"wp-block-jetpack-slideshow_button-prev swiper-button-prev swiper-button-white\" role=\"button\"><\/a><a class=\"wp-block-jetpack-slideshow_button-next swiper-button-next swiper-button-white\" role=\"button\"><\/a><a aria-label=\"Pause Slideshow\" class=\"wp-block-jetpack-slideshow_button-pause\" role=\"button\"><\/a><div class=\"wp-block-jetpack-slideshow_pagination swiper-pagination swiper-pagination-white\"><\/div><\/div><\/div>\n","protected":false},"excerpt":{"rendered":"","protected":false},"author":8,"featured_media":13975,"parent":0,"menu_order":0,"comment_status":"closed","ping_status":"closed","template":"","meta":{"footnotes":"","_links_to":"","_links_to_target":""},"class_list":["post-13974","page","type-page","status-publish","has-post-thumbnail","hentry"],"jetpack_sharing_enabled":true,"_links":{"self":[{"href":"https:\/\/servicos.compesa.com.br\/museuuniversocompesa\/wp-json\/wp\/v2\/pages\/13974","targetHints":{"allow":["GET"]}}],"collection":[{"href":"https:\/\/servicos.compesa.com.br\/museuuniversocompesa\/wp-json\/wp\/v2\/pages"}],"about":[{"href":"https:\/\/servicos.compesa.com.br\/museuuniversocompesa\/wp-json\/wp\/v2\/types\/page"}],"author":[{"embeddable":true,"href":"https:\/\/servicos.compesa.com.br\/museuuniversocompesa\/wp-json\/wp\/v2\/users\/8"}],"replies":[{"embeddable":true,"href":"https:\/\/servicos.compesa.com.br\/museuuniversocompesa\/wp-json\/wp\/v2\/comments?post=13974"}],"version-history":[{"count":1,"href":"https:\/\/servicos.compesa.com.br\/museuuniversocompesa\/wp-json\/wp\/v2\/pages\/13974\/revisions"}],"predecessor-version":[{"id":13985,"href":"https:\/\/servicos.compesa.com.br\/museuuniversocompesa\/wp-json\/wp\/v2\/pages\/13974\/revisions\/13985"}],"wp:featuredmedia":[{"embeddable":true,"href":"https:\/\/servicos.compesa.com.br\/museuuniversocompesa\/wp-json\/wp\/v2\/media\/13975"}],"wp:attachment":[{"href":"https:\/\/servicos.compesa.com.br\/museuuniversocompesa\/wp-json\/wp\/v2\/media?parent=13974"}],"curies":[{"name":"wp","href":"https:\/\/api.w.org\/{rel}","templated":true}]}}